. Let z be 6 - (l + -2)/3. Calculate the greatest common factor of 7 and z.
7
Suppose 217 - 13 = w + 2*z, 3*z = -12. Let o = w + -107. Calculate the highest common divisor of 30 and o.
15
Suppose -2000 = -4*x - 1860. What is the greatest common factor of 133 and x?
7
Let o(u) = -u**2 + 14*u - 24. Let i be o(10). Suppose 5 + 11 = 2*z. What is the highest common divisor of z and i?
8
Let b(v) = -v**2 - 24*v. Let m be b(-21). What is the greatest common factor of m and 2268?
63
Let r(i) = -8*i - 4. Let c(j) = j + 1. Let f(g) = -4*c(g) - r(g). Let y be f(3). Let x = y - -2. Calculate the greatest common divisor of x and 154.
14
Let x be 9*20/(-42)*-7. Let a be (4/(-3))/((-4)/288). Suppose 0 = j + 7*j - a. What is the highest common factor of x and j?
6
Let f be 2775/12 + 1/(-4). Suppose 4*w = 3*w - f. Let q be w/(-14) - 6/4. What is the highest common divisor of q and 60?
15
Let q(m) = 230*m**2 - 4*m - 4. Let w be q(-1). Calculate the highest common divisor of w and 10.
10
Let c(s) = 2*s**2 + 20*s + 13. Let v be c(-9). Let g = 9 - v. What is the greatest common divisor of 42 and g?
14
Suppose -48 = -2*m + 290. Let b = m + -49. What is the greatest common factor of b and 12?
12
Let t(c) = -c**3 + 5*c**2 - 3*c. Let p be t(4). Suppose p = 5*l - 6*l. Let i be (42/l)/((-1)/2). What is the greatest common divisor of 21 and i?
21
Suppose 5*y - 106 + 141 = 0. Let j(f) = f**2 - 3*f - 18. Let h be j(y). What is the greatest common divisor of h and 468?
52
Suppose 0 = -6*t + 526 - 70. Calculate the greatest common divisor of t and 114.
38
Let c(a) = a**3 + 9*a**2 + a - 7. Suppose -2*v = 3*h + 22, -18 = 2*v + 5*h - 3*h. Let w be c(v). What is the highest common divisor of 8 and w?
8
Suppose 5*t - k = -17 + 2, -4*t - 12 = -5*k. Let v(l) = l**2 - 9*l - 4. Let s be v(t). Calculate the highest common divisor of s and 96.
32
Let w(j) be the third derivative of j**6/120 + 4*j**5/15 - j**4/24 + j**3/2 + j**2. Let d be w(-16). Calculate the highest common factor of d and 133.
19
Suppose b + b = 116. Let q be 957/22*(-2)/(-3). Calculate the highest common divisor of b and q.
29
Let x = -54 + 28. Let t be 8/28 - x/7. Suppose t*h = 69 - 17. Calculate the greatest common divisor of h and 13.
13
Let a = 23 - -89. Let x(z) = 2*z + 34. Let o = -41 + 31. Let f be x(o). Calculate the highest common divisor of a and f.
14
Suppose -5*z = 25 + 30. Let w = 9 - z. Suppose 0 = -4*d + 60 - w. What is the highest common divisor of 10 and d?
10
Let z(x) = -2*x**2 - 8*x - 3. Let l be z(-3). Let c(g) = 15*g - 16. Let m be c(l). Calculate the highest common divisor of 116 and m.
29
Let q(p) = p**3 + 4*p**2 + 9*p - 4. Let c be q(7). What is the greatest common divisor of 230 and c?
46
Suppose -82 + 34 = -6*s. What is the greatest common divisor of s and 104?
8
Let n be ((-15)/2 - 2)*-14. What is the highest common factor of n and 38?
19
Let y = 21 - 11. Let u(k) = -2*k**2 + 4*k + 2. Let i be u(4). Let h be (120/(-42))/(4/i). Calculate the highest common factor of h and y.
10
Let o be (20/(-30))/((-6)/396). What is the greatest common divisor of o and 1276?
44
Let q be ((-1)/28*49)/(2/(-104)). Calculate the greatest common factor of 42 and q.
7
Suppose 5*p + 3*q = 318, -2*p + 3 = 2*q - 121. Suppose 6*z - 88 = 4*z. What is the greatest common factor of p and z?
22
Let o(t) = -7*t**3 - 6*t - 5. Let d be o(-1). What is the highest common factor of d and 12?
4
Let p be 2/(-9) - 46/(-207). Let g = -1079 - -1619. Suppose p = -6*v - 0*v + g. What is the highest common divisor of v and 10?
10
Suppose -4*a - 11 + 3 = 0, -t + 4*a + 13 = 0. What is the greatest common divisor of 205 and t?
5
Let f be 0 - -52 - 2*6/4. Suppose 4*v = f + 35. What is the highest common factor of v and 21?
21
Let c(y) = 3*y**2 - 7*y + 34. Let k be c(3). What is the highest common factor of k and 35?
5
Let x be (-3)/(-9) - 1 - 33/(-9). Suppose p = -3*d + 433, d + 4*d - x*p - 717 = 0. Calculate the highest common divisor of 9 and d.
9
Suppose 4*t - 131 = 3*t. Suppose -2*x = -3*h - t, 0*x + 5*h - 295 = -4*x. What is the greatest common factor of 10 and x?
10
Suppose 3*u = 2*u - 4*w - 21, -2*u = -3*w - 2. Let j be ((-10)/4)/(u/90). Suppose 160 = 41*t - 209. What is the greatest common factor of t and j?
9
Let i = 99 + -98. Let j = 10 - i. Calculate the highest common factor of 18 and j.
9
Let j = 788 - 763. Calculate the highest common divisor of 25 and j.
25
Suppose -5*r - 45 = -10. Let a be 0 - r - (1 - 3). Suppose 7*g + 291 - 858 = 0. What is the highest common divisor of g and a?
9
Let k(h) = 2*h**3 - 8*h + 16. Let q = -3 - -5. Let x be k(q). What is the highest common divisor of 128 and x?
16
Suppose -4*g - 15*c + 10*c + 69 = 0, 5 = 5*c. Calculate the greatest common divisor of 280 and g.
8
Suppose -125 = -2*x + 3*a - 104, -x = -4*a - 18. What is the highest common divisor of 56 and x?
2
Suppose 5*a - a - 60 = 0. Let g = 32 + a. Let f = 83 - g. What is the greatest common divisor of 24 and f?
12
Let s(l) = -4*l + 88. Let u be s(18). What is the greatest common factor of 784 and u?
16
Let l(h) = 10*h**2 + 3*h - 5. Let q be l(-4). Let o be (-212)/(-16) - (-2)/(-8). What is the highest common divisor of o and q?
13
Let t be ((-44)/55)/(2/(-5)) - 2. Suppose 5*b - 4 - 1 = t. What is the highest common factor of b and 9?
1
Let x be 1 - 1/(1/18*2). Let s(c) = -c**3 - 7*c**2 + c + 4. Let h be s(x). What is the highest common divisor of h and 5?
5
Let y = 9 - 17. Let c be (-1172)/(-5) + y/20. Suppose 2*j - x = -0*j + 54, 5*j - 2*x - 134 = 0. What is the highest common factor of c and j?
26
Let t = -1399 - -1468. Calculate the highest common divisor of 552 and t.
69
Suppose 2*v - 4*t = 0, 3*t = -3*v + v + 21. Suppose -118 - 2 = -v*i. Let x be -1 - (-62 - (-3)/3). What is the highest common divisor of i and x?
20
Suppose -5*v - 59 = -179. What is the greatest common factor of v and 42?
6
Let r be ((-1)/(-2))/(2/612). Let h = 42 - 28. Let y be -1 + (-16)/(-4) + h. Calculate the greatest common factor of r and y.
17
Let w(a) = 99*a**2 - 6*a - 13. Let g be w(2). What is the greatest common divisor of 7 and g?
7
Let l(g) = -g**2 + 14*g - 28. Let c be l(12). Let t be (5 - 2) + c + 41. Calculate the greatest common factor of 4 and t.
4
Suppose -5*l - 30*z = -35*z - 3985, 0 = -l - 4*z + 787. What is the highest common factor of 30 and l?
15
Suppose 0 = -108*r + 116*r - 8768. What is the greatest common divisor of r and 8?
8
Let h = 19477 - 38405. Suppose -5*c - 389 - 196 = 0. Let n be 2/9 + h/c. Calculate the greatest common factor of 18 and n.
18
Let i(a) = a**3 + 18*a**2 + 17*a + 4. Let t be i(-17). Suppose 5*p - 30 = -t*h - h, h + 2*p = 10. What is the highest common factor of 14 and h?
2
Suppose 4*q - 3*q = -2*c + 97, c = 3*q - 270. Let r = -2 - -5. Suppose -2*x + f = -24, -6*x + 58 = -2*x + r*f. What is the greatest common factor of q and x?
13
Let n be (-14)/28 + 50/4. Let u = 26 + n. Calculate the greatest common divisor of 2 and u.
2
Let f = -48 - -51. Suppose f*l + 4*n = l + 40, 4*n = -l + 22. What is the highest common divisor of 144 and l?
18
Let n(j) = 20*j - 48. Let u(f) = 2*f + 36. Let t be u(-14). Let p be n(t). What is the greatest common factor of p and 7?
7
Let v = -100 - -122. Let o be ((-1)/(-4))/((-10)/(-80)). What is the highest common divisor of v and o?
2
Suppose -2 = -8*i + 7*i. Suppose u = 17 + 5. Calculate the greatest common factor of i and u.
2
Let t(o) = o**3 - 13*o**2 + 37*o - 54. Let u be t(14). Calculate the highest common factor of 60 and u.
60
Let m be (4 + -5)*-346 + -4 + 0. Suppose -5*c + m = 5*d - 3*d, -2*d - 2*c + 348 = 0. What is the greatest common factor of 11 and d?
11
Suppose -17*u - 10*u + 16443 = 0. What is the highest common factor of 87 and u?
87
Suppose 4*z + 25 - 169 = 0. Suppose -4*p + 180 = -5*a - 0*a, -z = a + 2*p. Let u be a/((3/(-12))/1). What is the greatest common factor of u and 18?
18
Let r = 245 - 165. Let f(j) = 3*j - 11. Let p be -2*-1*4 + 1. Let b be f(p). Calculate the highest common factor of r and b.
16
Suppose -7 = 8*r + 9. Let u(g) = -23*g + 8. Let d be u(r). Calculate the highest common factor of 72 and d.
18
Let l(c) = -c**2 + 18*c - 1. Let i be l(4). Suppose -3*a = 4*m - 33, -5*a - 5*m + 31 = -24. What is the greatest common divisor of i and a?
11
Let f(l) = 1601*